e 13, what is 1000 - 49a82?
-48a82
In base 2, what is -101000000111 + -11000001?
-101011001000
In base 13, what is -c - -134754?
134745
In base 16, what is -e1 + -6b45a?
-6b53b
In base 11, what is 3285243 + -32?
3285211
In base 14, what is -13ccb - -6?
-13cc5
In base 12, what is -607b - -1b9?
-5a82
In base 5, what is -31000 + -1123421?
-1204421
In base 12, what is a2ab01 - -7?
a2ab08
In base 7, what is 233436041 + -1?
233436040
In base 14, what is 13b7520 + 0?
13b7520
In base 5, what is 1204 - 20421210?
-20420001
In base 16, what is -52 + da88?
da36
In base 2, what is 101110100010000010100000100 - 101?
101110100010000010011111111
In base 7, what is -2 - 1324522251?
-1324522253
In base 13, what is -3b99062a - -4?
-3b990626
In base 16, what is -f91a9 + -73?
-f921c
In base 12, what is -52305 - -2410?
-4bab5
In base 11, what is -10304035 - -1?
-10304034
In base 16, what is -26cd8297 + -3?
-26cd829a
In base 12, what is 4315607 - -35?
4315640
In base 3, what is 1 - -111122012021220?
111122012021221
In base 12, what is 2629 - -5445?
7a72
In base 16, what is 61628f - -5?
616294
In base 8, what is 6160516 - -6?
6160524
In base 16, what is -17da + -5db?
-1db5
In base 14, what is -10a - 1453?
-155d
In base 7, what is 0 + -2063630?
-2063630
In base 13, what is -105b - -18b7?
859
In base 16, what is -1c5fd2 - 4?
-1c5fd6
In base 6, what is 152540043 - 1?
152540042
In base 10, what is 271462 - 746?
270716
In base 15, what is -93 + -1975?
-1a18
In base 4, what is -23200301122 - -1?
-23200301121
In base 5, what is 33243 - -11042?
44340
In base 15, what is 19 - 38bbe72?
-38bbe58
In base 8, what is 5 + -303233270?
-303233263
In base 14, what is 897a - 42a?
8550
In base 12, what is 590349 - -3?
590350
In base 8, what is -13020 + 1563?
-11235
In base 12, what is -16653447 - -3?
-16653444
In base 6, what is 405530055 + -12?
405530043
In base 14, what is 8 + 109bc4?
109bcc
In base 5, what is 202013031 - -310?
202013341
In base 6, what is -412531104 - 21?
-412531125
In base 13, what is 6 + -538954?
-53894b
In base 16, what is -1f8 + 457e?
4386
In base 14, what is 3 + 11522524?
11522527
In base 8, what is 273 - -3252310?
3252603
In base 6, what is 1 + 5524352115?
5524352120
In base 8, what is 5603 + -1674033?
-1666230
In base 16, what is 3a2cc - 12?
3a2ba
In base 10, what is 13 - 1553205?
-1553192
In base 15, what is 1 - -1bd7aa7?
1bd7aa8
In base 14, what is -60 - 53094?
-53114
In base 13, what is 4aa + -700c4?
-6c917
In base 5, what is -401 + 22113422?
22113021
In base 6, what is -30143410 + -33?
-30143443
In base 2, what is 11 + 101001001110001111010?
101001001110001111101
In base 8, what is -1742 + -713744?
-715706
In base 2, what is -101 + -111001101111001000000001001?
-111001101111001000000001110
In base 12, what is -1048 + bb748?
ba700
In base 16, what is -21 + -f81aa4?
-f81ac5
In base 10, what is 0 - 4086741?
-4086741
In base 15, what is 2 - 33912e?
-33912c
In base 12, what is -84 + 11a629?
11a565
In base 14, what is 153c - -3537?
4a75
In base 6, what is -22423113 - 153?
-22423310
In base 13, what is 1 - -3c4668?
3c4669
In base 16, what is -120a0a15 - -4?
-120a0a11
In base 12, what is -1168a - 456a?
-16038
In base 4, what is 22131220 - 3202?
22122012
In base 8, what is 2 - -462311?
462313
In base 16, what is -16 - 13ee312?
-13ee328
In base 8, what is -476 - -44050?
43352
In base 13, what is 4b - -207040?
20708b
In base 15, what is 96280c + -9?
962803
In base 3, what is 122121202111 - 2000?
122121200111
In base 5, what is -3 + -2411433444?
-2411434002
In base 8, what is 161 - -5103617?
5104000
In base 6, what is 44251 + 2531121?
3015412
In base 5, what is -4204314213 - 0?
-4204314213
In base 2, what is -1101100110010011000000111 - -1000?
-1101100110010010111111111
In base 14, what is 68b6 - 1d9c?
4918
In base 12, what is 986a - 51?
9819
In base 15, what is 204 + -1922?
-171d
In base 8, what is -41156 - -11373?
-27563
In base 2, what is 10 - 100000110000100100100011111?
-100000110000100100100011101
In base 11, what is -5 + -8378357?
-8378361
In base 10, what is 65 + -82601?
-82536
In base 13, what is 7210 - 277?
6c66
In base 11, what is -104 + -28174?
-28278
In base 10, what is -406 - -75620?
75214
In base 15, what is 20c1e3 - b8?
20c12a
In base 9, what is 7407821 - -3?
7407824
In base 7, what is 210310525 + -6?
210310516
In base 9, what is -5 - -156200?
156184
In base 15, what is 89bd95c + -2?
89bd95a
In base 10, what is -2 + -1540023?
-1540025
In base 7, what is -10520205235 - 5?
-10520205243
In base 8, what is -14 + 51436401?
51436365
In base 13, what is 2486 + 291c?
50a5
In base 12, what is -2 + -421156?
-421158
In base 3, what is -100020 - -200102222012?
200102121222
In base 11, what is -67927 - 6017?
-72943
In base 11, what is -9 - 3878a8?
-387906
In base 10, what is 16 - 2570?
-2554
In base 6, what is -41 - -11043134?
11043053
In base 13, what is -5 + 8b434a?
8b4345
In base 16, what is -12df - 32cd?
-45ac
In base 4, what is -121122303 - 11?
-121122320
In base 15, what is 1 - -283a520?
283a521
In base 11, what is 13648 - -1335?
14982
In base 8, what is -12406726 + -10?
-12406736
In base 5, what is -3423030 + -13231?
-3441311
In base 12, what is 6318 + 332?
664a
In base 14, what is 2895957 - -1?
2895958
In base 10, what is -3 - 19095578?
-19095581
In base 5, what is -3012420031 + -13?
-3012420044
In base 11, what is -1 - -14851447a?
148514479
In base 11, what is -4 + 451aa0?
451a97
In base 10, what is -2637 - 108528?
-111165
In base 6, what is 0 + 45434225?
45434225
In base 6, what is 2340 - 3202144?
-3155404
In base 11, what is -1a5a906 - -66?
-1a5a850
In base 5, what is 1210020112 - 4?
1210020103
In base 16, what is -3 - 2e5e03?
-2e5e06
In base 4, what is 211032112 + 303?
211033021
In base 7, what is -143330456 + -16?
-143330505
In base 16, what is -c20c - 44?
-c250
In base 3, what is -110020001 - 2221100212?
-10101120220
In base 10, what is 1153 - 1816?
-663
In base 9, what is 5 + -11650703?
-11650687
In base 5, what is 41233231331 - 10?
41233231321
In base 6, what is 1204413 - -22355?
1231212
In base 7, what is -50266 + -26224?
-106523
In base 13, what is 0 + 83bbbc?
83bbbc
In base 5, what is 3022422133 - 201?
3022421432
In base 14, what is 3 + 60b899?
60b89c
In base 3, what is -2110121202201 - -120?
-2110121202011
In base 12, what is -68 - -1699?
1631
In base 2, what is 1100100111110100111 + 1010100?
1100100111111111011
In base 14, what is -2 - -405d76d?
405d76b
In base 3, what is 211210 - -122000000012?
122000211222
In base 8, what is -1225745 - -25?
-1225720
In base 6, what is 1355013 + -110?
1354503
In base 15, what is -29ad0b - -3?
-29ad08
In base 11, what is -4 + 158a6163?
158a615a
In base 13, what is 124cb5 - c1?
124bc4
In base 16, what is -95524 + 4e?
-954d6
In base 13, what is 96c + -7c70?
-7301
In base 12, what is 6 + -ab79242?
-ab79238
In base 6, what is 2224251 + 4500?
2233151
In base 7, what is -5 - 4033233?
-4033241
In base 10, what is 193 - 1254579?
-1254386
In base 12, what is 3 - 118a5632?
-118a562b
In base 15, what is -1763 - 1678?
-2ddb
In base 13, what is 1645 + -195b4?
-17c6c
In base 8, what is -72 - 57773?
-60065
In base 6, what is -4222522 + -413?
-4223335
In base 8, what is 235 + 566527?
566764
In base 4, what is 320 - -32212303332?
32212310312
In base 15, what is -7 + 34061b?
340614
In base 14, what is 3 - 746a28a?
-746a287
In base 14, what is 705 - 3b5b?
-3456
In base 15, what is 3a6c435 - 5?
3a6c430
In base 11, what is -702472 - -1?
-702471
In base 10, what is -9058152 + 4?
-9058148
In base 4, what is -10012021 + 1231100?
-2120321
In base 9, what is -276120 + -152?
-276272
In base 6, what is -2025 - -120035112?
120033043
In base 9, what is -2 + -457216007?
-457216010
In base 6, what is -22404 - -223155?
200351
In base 12, what is 2 - -285a372?
285a374
In base 8, what is 7116 + -670011?
-660673
In base 12, what is 144 - -1b562?
1b6a6
In base 4, what is -31200231130 + 201?
-31200230323
In base 8, what is -1116016 + -44?
-1116062
In base 15, what is -1 - 16ba99b?
-16ba99c
In base 15, what is abb + -5120?
-4554
In base 9, what is -531532 - 21?
-531553
In base 12, what is 830a09 + -5?
830a04
In base 12, what is 506 + -25567?
-25061
In base 4, what is -2 - -3012023312212?
3012023312210
In base 7, what is -2605164 - -364?
-260450